undreds digit of 356661300?
3
What is the hundred millions digit of 1527886003?
5
What is the hundred thousands digit of 49764533?
7
What is the tens digit of 1241504018?
1
What is the hundred thousands digit of 14833066?
8
What is the billions digit of 1168581364?
1
What is the hundreds digit of 164557218?
2
What is the hundred thousands digit of 1669293874?
2
What is the units digit of 66239016?
6
What is the tens digit of 41787382?
8
What is the millions digit of 2357300515?
7
What is the ten thousands digit of 72544167?
4
What is the thousands digit of 26085357?
5
What is the millions digit of 65575848?
5
What is the ten thousands digit of 97614047?
1
What is the ten thousands digit of 1610307450?
0
What is the units digit of 1151199149?
9
What is the ten millions digit of 684813182?
8
What is the hundred thousands digit of 123548904?
5
What is the ten millions digit of 168543111?
6
What is the hundred thousands digit of 17034525?
0
What is the tens digit of 303140108?
0
What is the thousands digit of 3932433531?
3
What is the hundred thousands digit of 28231675?
2
What is the ten thousands digit of 302662736?
6
What is the millions digit of 5793875002?
3
What is the hundreds digit of 600886947?
9
What is the thousands digit of 1402735875?
5
What is the ten thousands digit of 984560764?
6
What is the ten thousands digit of 1596124582?
2
What is the thousands digit of 125152018?
2
What is the tens digit of 27141232?
3
What is the units digit of 3366146960?
0
What is the units digit of 116037617?
7
What is the tens digit of 883107979?
7
What is the hundred thousands digit of 63966101?
9
What is the hundreds digit of 124041533?
5
What is the hundred thousands digit of 754037254?
0
What is the units digit of 83147669?
9
What is the ten thousands digit of 2270651741?
5
What is the tens digit of 82235147?
4
What is the thousands digit of 1039441420?
1
What is the millions digit of 47609099?
7
What is the millions digit of 1492038940?
2
What is the hundred millions digit of 112225833?
1
What is the hundred thousands digit of 149857632?
8
What is the hundred thousands digit of 1141317494?
3
What is the millions digit of 494591744?
4
What is the ten millions digit of 164331720?
6
What is the units digit of 457076475?
5
What is the hundred thousands digit of 44814329?
8
What is the ten millions digit of 36442773?
3
What is the tens digit of 156517123?
2
What is the hundred thousands digit of 2842750875?
7
What is the ten millions digit of 428427419?
2
What is the ten thousands digit of 388422506?
2
What is the millions digit of 1256232362?
6
What is the hundred thousands digit of 3704596216?
5
What is the ten thousands digit of 282877465?
7
What is the hundred millions digit of 143006642?
1
What is the hundred millions digit of 777108317?
7
What is the hundred millions digit of 3701242926?
7
What is the millions digit of 77648602?
7
What is the hundred millions digit of 209676947?
2
What is the units digit of 290932334?
4
What is the units digit of 33638951?
1
What is the tens digit of 77926054?
5
What is the hundred thousands digit of 270394355?
3
What is the thousands digit of 122777531?
7
What is the ten thousands digit of 58163705?
6
What is the tens digit of 3489272044?
4
What is the tens digit of 1864870887?
8
What is the ten thousands digit of 4239004052?
0
What is the hundred thousands digit of 78752367?
7
What is the ten thousands digit of 47170302?
7
What is the hundred millions digit of 114597991?
1
What is the hundreds digit of 411362617?
6
What is the ten thousands digit of 22259498?
5
What is the ten millions digit of 307493819?
0
What is the billions digit of 3086354164?
3
What is the hundreds digit of 386121608?
6
What is the millions digit of 657222476?
7
What is the hundred thousands digit of 1479201314?
2
What is the units digit of 17448143?
3
What is the millions digit of 30431985?
0
What is the tens digit of 188442465?
6
What is the billions digit of 2816872580?
2
What is the units digit of 288612226?
6
What is the hundreds digit of 666567476?
4
What is the thousands digit of 53222247?
2
What is the ten millions digit of 42253745?
4
What is the units digit of 39015779?
9
What is the hundred thousands digit of 201540477?
5
What is the hundred millions digit of 2100060268?
1
What is the ten thousands digit of 731262113?
6
What is the millions digit of 77254500?
7
What is the hundreds digit of 29176353?
3
What is the ten millions digit of 66075212?
6
What is the hundred thousands digit of 1607763988?
7
What is the ten millions digit of 270508215?
7
What is the units digit of 308387305?
5
What is the hundred thousands digit of 124945072?
9
What is the hundred thousands digit of 110963723?
9
What is the hundred thousands digit of 167365623?
3
What is the hundreds digit of 46591609?
6
What is the hundreds digit of 1429368443?
4
What is the thousands digit of 686613690?
3
What is the millions digit of 601046749?
1
What is the hundred millions digit of 157926329?
1
What is the tens digit of 24978835?
3
What is the ten millions digit of 2443904408?
4
What is the hundred thousands digit of 2551717445?
7
What is the units digit of 32423743?
3
What is the ten thousands digit of 1264639780?
3
What is the units digit of 591872320?
0
What is the units digit of 3487182095?
5
What is the millions digit of 260794348?
0
What is the units digit of 875339650?
0
What is the thousands digit of 57641157?
1
What is the hundred thousands digit of 442960967?
9
What is the ten thousands digit of 13665433?
6
What is the millions digit of 21849293?
1
What is the hundred millions digit of 786758181?
7
What is the hundreds digit of 1382606?
6
What is the units digit of 166102742?
2
What is the ten millions digit of 23049091?
2
What is the hundreds digit of 293966519?
5
What is the hundred millions digit of 503974780?
5
What is the thousands digit of 70417726?
7
What is the hundred thousands digit of 1156489340?
4
What is the units digit of 272636313?
3
What is the thousands digit of 182412609?
2
What is the ten thousands digit of 2230059282?
5
What is the tens digit of 135884464?
6
What is the hundred thousands digit of 545433152?
4
What is the thousands digit of 14063472?
3
What is the hundred thousands digit of 977498554?
4
What is the thousands digit of 663766546?
6
What is the hundred thousands digit of 3182451379?
4
What is the hundreds digit of 27368903?
9
What is the hundred millions digit of 151944927?
1
What is the units digit of 605325184?
4
What is the ten thousands digit of 205775473?
7
What is the billions digit of 1081723727?
1
What is the hundred millions digit of 242411472?
2
What is the ten millions digit of 1084069549?
8
What is the units digit of 851943261?
1
What is the millions digit of 1215778967?
5
What is the thousands digit of 2116725469?
5
What is the millions digit of 99275031?
9
What is the ten millions digit of 148787078?
4
What is the units digit of 339596981?
1
What is the ten thousands digit of 202728677?
2
What is the tens digit of 2194002144?
4
What is the hundred thousands digit of 235005321?
0
What is the ten thousands digit of 2669545745?
4
What is the ten millions digit of 61542359?
6
What is the hundred millions digit of 402698954?
4
What is the thousands digit of 1743818704?
8
What is the hundred thousands digit of 222058527?
0
What is the millions digit of 2473489867?
3
What is the ten thousands digit of 41158552?
5
What is the hundred thousands digit of 53605969?
6
What is the hundred thousands digit of 42291975?
2
What is the tens digit of 114364258?
5
What is the ten thousands digit of 251380714?
8
What is the tens digit of 3513688490?
9
What is the hundred thousands digit of 99202645?
2
What is the ten millions digit of 536807069?
3
What is the billions digit of 1919075411?
1
What is the units digit of 454281835?
5
What is the millions digit of 37705247?
7
What is the ten thousands digit of 59637721?
3
What is the ten thousands digit of 878626439?
2
What is the hundred millions digit of 2332937598?
3
What is the hundreds digit of 127782078?
0
What is the hundreds digit of 117115550?
5
What is the ten thousands digit of 5003613?
0
What is the tens digit of 3540097?
9
What is the tens digit of 286819638?
3
What i